ime?
False
Let x(k) be the third derivative of -k**6/360 - k**5/15 - k**4/4 + k**3/6 + 2*k**2. Let z(m) be the first derivative of x(m). Is z(-6) prime?
False
Suppose 1 = -3*v - 5*x - 0, -x - 11 = -3*v. Suppose v*p = -0*p + 171. Is p a prime number?
False
Let z(r) = -1537*r + 5. Is z(-2) composite?
False
Is -16 + 25 - (0 - 0) a composite number?
True
Let y = 465 + -131. Is y prime?
False
Let x = -2689 - -3950. Is x prime?
False
Let h(d) = 8*d - 3. Let u be (-12)/16 - 23/(-4). Is h(u) a composite number?
False
Suppose 3*o + 2*s = 5463, 2*o - 1842 = -5*s + 1811. Suppose 5*f - o = -194. Suppose 0 = -8*x + 3*x + f. Is x composite?
True
Is ((-6)/(-8))/(6/4296) a prime number?
False
Let w(u) be the third derivative of -u**5/60 - 7*u**4/24 - u**3/2 - 6*u**2. Is w(-5) a composite number?
False
Let p(h) = 109*h**2 + h - 1. Is p(-3) composite?
False
Let c be ((-15)/25)/(2/(-10)). Let h = 20 + -12. Suppose b - 8 = -c*v + h, 3*b + 22 = v. Is v prime?
True
Suppose -5*i - p = -282, -5*p + 3*p - 220 = -4*i. Let b = i - 31. Is b a prime number?
False
Suppose -2*q - 4*u + 2058 = -0*u, -3*u = 3*q - 3102. Is q prime?
True
Suppose 5*h - 211 + 26 = 0. Is h composite?
False
Suppose w - 8 = -w. Suppose 2 + 9 = -w*v - 3*q, 3*v - 2*q = 13. Is (v + -2)*(2 - 13) prime?
True
Suppose 0 = 2*k + 2*x - 82, k + 3*x + 37 = 2*k. Let b be 15/(-2)*k/15. Is 1148/10 + (-4)/b a composite number?
True
Suppose -l = -2*g - 45, 0 = -4*l - 3*g + 112 + 101. Is l prime?
False
Let c be (-13 + -1)/(-5 - -3). Let j(k) = -k + 10. Let p be j(c). Suppose p*s + 0*s + w - 109 = 0, 0 = -2*s + 2*w + 62. Is s prime?
False
Suppose 2*c + 2*c = 16. Is 1175/20 + 1/c a prime number?
True
Let a(q) = q**3 + 8*q**2 + 5*q + 12. Let o be a(-8). Let g be (-8)/o - 3734/(-14). Suppose 4*f = 7*f - g. Is f a prime number?
True
Is (-2180 - 9)*(-1 + 0) a composite number?
True
Let r(s) = 154*s**3 - s - 1. Let y be r(-1). Let k = -92 - y. Is k a prime number?
False
Let w(k) = 14*k + 3. Is w(2) a prime number?
True
Let f(x) = 4*x + 15. Let r(s) = 11*s + 44. Let d(i) = 17*f(i) - 6*r(i). Let b be d(6). Suppose 2*g - b*p = 190, 475 = 6*g - g + 4*p. Is g a prime number?
False
Suppose 4*n - 1 - 139 = 0. Suppose n + 170 = t. Is t a composite number?
True
Suppose 0 = -4*v - v. Suppose 3*o - 2 - 13 = 0. Suppose 1 + 77 = j - 5*t, -o*j + 3*t + 280 = v. Is j composite?
False
Let y = -1 + 5. Suppose 9*r - 600 = y*r. Suppose 29 = i + 2*x, -5*i - x - 4*x = -r. Is i a prime number?
True
Suppose 0 = -5*n + 2*s + 9747, -5*n - 2*s - 1117 = -10860. Is n prime?
True
Let x = 19 - 12. Let j(z) = 22*z + 12. Is j(x) composite?
True
Let b be (18/15)/((-3)/15). Let d = b - 0. Is 4*23*(-3)/d prime?
False
Suppose -2667 = 5*c + 10703. Is c/(-10) + 8/(-20) a prime number?
False
Suppose -4*b + 1765 = 5*p, 2*p = 4*b - 0*p - 1786. Is b prime?
False
Let l(z) = z + 1. Let i(h) = -312*h + 2. Let n(u) = -i(u) + 3*l(u). Is n(2) prime?
True
Suppose 5*w - 9*w + 13436 = 0. Is w prime?
True
Suppose -5*o = -o + 64. Let a = -10 - o. Is 2/a + 88/6 prime?
False
Let h(j) = 2*j + 13. Is h(15) a composite number?
False
Let k(u) = 41*u**2 + 6*u + 6. Is k(-7) composite?
False
Suppose 323 = -3*v + 8*v - 4*c, 0 = -5*c + 15. Is v a composite number?
False
Let j(r) = -r**3 - 3*r**2 + 8*r + 5. Let l(c) = c - 7. Let z be l(0). Let x(d) = -d - 12. Let p be x(z). Is j(p) composite?
True
Suppose 3 = z + 1. Suppose -355 = -4*v - 5*l, 85 = -v + z*v + 2*l. Is v a prime number?
False
Let b be 1 - (-2 + (-3)/3). Suppose -b*i = j - 840, 2*i + 0*i = -2*j + 414. Is i a composite number?
False
Let b(g) = -52*g - 9. Let l be b(5). Let m = -136 - l. Is m composite?
True
Suppose 4*w - 2*b = 1838, 2*w + 3*b - 1356 = -w. Is w composite?
False
Suppose -2*h + 6*h + 64 = 0. Let r = h - -69. Is r a prime number?
True
Is 4/(16/12) + 136 prime?
True
Suppose -1292 - 23056 = -12*n. Is n composite?
False
Suppose 5*p + 47 = 4*y, 2*y + 0*p + 4*p = 30. Is y a prime number?
True
Let s(j) = j**2 - 3*j - 7. Let q(k) = -k**3 + 4*k**2 - 2. Let r be q(3). Is s(r) prime?
False
Let w be (-6)/21 - 212/(-7). Suppose -2*v + 5*v = w. Let z = 67 - v. Is z a prime number?
False
Let o(x) = x**3 - 4*x**2 - 12*x + 3. Suppose 32 = 3*d - 4*k, 0 = -k - 2. Is o(d) composite?
False
Suppose 8*o - 2642 = 1566. Is o a composite number?
True
Let d = -101 + 152. Is d composite?
True
Suppose t + i - 261 = 0, 0 = -4*t - i + 1111 - 79. Is t prime?
True
Suppose 0 = -3*h - h + 64. Suppose -4*t - h = 0, 3*l - 2*t = -l + 108. Is l a prime number?
False
Suppose 5*r = r - 184. Let w = 65 + r. Suppose 0*x = x - w. Is x composite?
False
Let l = 521 - 34. Is l composite?
False
Let y = 107 - 67. Let j = 75 - y. Is j composite?
True
Let t(l) = 3*l**2 - 10*l - 9. Is t(-8) prime?
True
Let y be (27/(-15) - -1)*-550. Suppose -358 = -3*l + g, 3*l - y + 81 = 2*g. Is l a composite number?
True
Let i(x) = -7*x - 5. Let b(g) = -20*g - 15. Let w(u) = -6*b(u) + 17*i(u). Let y be ((-12)/(-10))/((-9)/(-30)). Is w(y) a composite number?
True
Let l(y) = y - 1. Suppose -2*p - p + 15 = 0. Let b be l(p). Suppose b*n - 74 = 2. Is n a composite number?
False
Suppose 40*q - 39*q = 37. Is q composite?
False
Suppose 25 = -q + 6*q. Suppose -104 - 141 = -q*s. Is s composite?
True
Let i be 4/10 - (-4)/(-10). Suppose -n + 6*n = i. Suppose 13 = 3*o + 5*y - 29, n = 2*o - y - 28. Is o a prime number?
False
Is (-1027)/(-2) + 3/2 a composite number?
True
Let j = 5390 - 2781. Is j composite?
False
Suppose -o + 1 = -0. Let x be 38 - 4*o/2. Let n = x - 13. Is n prime?
True
Suppose 10*f = 8*f + 606. Is f a composite number?
True
Let t = 8 + -5. Suppose 232 = c + t*c. Is c a prime number?
False
Suppose 4*c + 6 = 6*c. Suppose -c*t + t = -174. Is t prime?
False
Let l = 14 + 69. Let p = 14 + l. Is p prime?
True
Suppose 0*u + u - 31 = 4*q, 3*q = -2*u - 15. Let g(n) = 2*n**2 + 5*n + 4. Is g(q) composite?
False
Suppose -3*r - 63 = -3*i, 0 = -3*r - i + 22 - 65. Let h be (-3 + 3)*-1 - r. Suppose 20 = 4*m, a + m - h = 4*m. Is a a composite number?
False
Suppose 5*c = -5*f + 725, 6*f = f + c + 707. Let y = -71 + f. Is y a prime number?
True
Let u(s) = 1663*s**3 + s**2 - 1. Is u(1) a composite number?
False
Let g = 245 + -176. Is g a prime number?
False
Let b(r) = 3*r**2 + r - 5. Suppose 0 = -2*c - c - 18. Is b(c) a prime number?
True
Let c be 0 - 1 - (-3 + 2). Let l(b) = 2*b + 31 + 5*b - 6*b. Is l(c) composite?
False
Let t = -16 - -18. Is (t*1)/(5/295) composite?
True
Suppose 5 = 2*u - 3*p, 2*p = -2*u + 4*p + 6. Let d = u - 1. Is d composite?
False
Let w(j) = -j - 1. Let l be w(-4). Suppose l*p - 3*q - 28 = 2*q, -3*p = -q - 8. Is (-77)/(0/p + -1) prime?
False
Let f(g) = 5756*g**2 - 2*g + 1. Is f(1) composite?
True
Suppose -2*f + 3*f - 58 = 0. Is f + -1 - 4/(-2) composite?
False
Suppose 0 = v - 3*v - 12. Let t(x) = x**2 - x + 7. Is t(v) composite?
True
Suppose 0 = -5*z - 4*u + 6301, 0*u - 2521 = -2*z - u. Is z a prime number?
False
Let m be ((-456)/(-15))/((-4)/(-30)). Suppose m + 2 = 5*c. Is c a composite number?
True
Let l(b) = -b**3 - 8*b**2 - 6*b + 9. Let h be l(-7). Let r(d) = 2 + 5*d**2 + 5*d**h - 2*d - 5*d**2. Is r(-3) a composite number?
False
Suppose -2*t - 2*l + 0*l + 506 = 0, 2*t = 5*l + 506. Is t prime?
False
Let l(k) = 3*k**2 + 9*k + 9. Let y(i) = 2*i**2 + 8*i + 8. Let v(s) = 3*l(s) - 4*y(s). Is v(8) prime?
True
Suppose 3*z + 733 = -5*n - 312, -z = -2*n - 407. Let l = n - -349. Is l prime?
False
Let d be (2/4)/((-1)/388). Suppose 28 = 4*i + 4. Is (d/4)/((-3)/i) composite?
False
Let a(c) = c**2 + 4*c + 13. Is a(-4) a composite number?
False
Suppose -3*c - 33 = 5*a + 78, 78 = -2*c - 2*a. Is (c/(-18))/(2/6) a prime number?
True
Let h(d) = -2*d**3 - 7*d**2 + d - 5. Is h(-5) composite?
True
Let r = -27 - -168. Let b be 4/14 - r/(-21). Let z = 24 + b. Is z composite?
False
Suppose x + 0*x - 3 = 0. Suppose -127 = -x*t + 4*t. Let u = 192 + t. Is u composite?
True
Let h(s) = s**2 - 8*s + 10. Let w be h(7). Is ((-3)/9)/(w/(-603)) a composite number?
False
Let h = 13 - -864. Is h prime?
True
Let z = -25 + 60. Suppose 75 = -4*r + 11. Let w = z + r. Is w composite?
False
Let t(m) = -16*m**3 + 5*m**2 + 2*m + 5. Is t(-8) prime?
True
Suppose 10080 = 5*t + 2*v, 623 = 5*t + 3*v - 9452. Is t composite?
True
Let b(r) = -r - 6. Let g be b(-9). Suppose -g*m + 0*p = 2*p - 42, 0 = -p. Is (m/(-4))